ctors of y?
3
Let r(j) = -j - 2. Let k be r(0). Let w = 5 - 16. Let f = k - w. List the prime factors of f.
3
Let d = -136 + 204. List the prime factors of d.
2, 17
Suppose 0 = -4*q + 2*q + 50. Let c = q + -4. What are the prime factors of c?
3, 7
Let z = 13 + -7. Suppose 5*n - 34 + z = -j, -5*j - 5*n = -80. What are the prime factors of j?
13
Suppose -b = 2*i - 8, 3*b + 12 = 4*b + 3*i. Suppose b*n - n = -37. List the prime factors of n.
37
Let g be (0 + 0 + 0)/(-1). Suppose 0*s - 2*s + 12 = g. Suppose s = -2*q, 2*c = -0*q + 4*q + 38. What are the prime factors of c?
13
Suppose -4*g + 68 = -2*g. List the prime factors of g.
2, 17
Suppose 10*o = 7*o + 9. Suppose w + 2*v = -3, -o*v = 3*w - 8*w - 28. Let y = 9 - w. List the prime factors of y.
2, 7
Let g(x) = 2*x - 3. Let u be g(3). Suppose -u*w - 4*f - 10 = 0, -1 = 5*f + 19. Suppose -5*v + 4*n + 24 = w, 0 = 2*v + 5*n - 22. What are the prime factors of v?
2, 3
Suppose -4*x + 9*x = 25. Suppose -x*w = -w. Suppose 2*a + w*a = 6. List the prime factors of a.
3
List the prime factors of (-363)/(-15) - (-4)/(-20).
2, 3
Let a be (-1 - -3) + -1*2. Suppose a = 3*m - 6, 4*m + 46 = 4*p + 6. Suppose 0 = i - 3*b - p, i = -0*i + 4*b + 14. What are the prime factors of i?
2, 3
Let q(c) = 12*c - 8. List the prime factors of q(5).
2, 13
Let l(r) = 20*r + 1. What are the prime factors of l(5)?
101
Let l be (12/15)/((-6)/(-165)). Let n = 58 - l. What are the prime factors of n?
2, 3
Suppose -4*t + 0 = -24. Let i be 4*(2 - -1)/t. What are the prime factors of 16/(-12)*(i + -5)?
2
Suppose 27 = -g + 93. Suppose 4*q - b = 2*b + g, 2*b - 11 = -q. List the prime factors of q.
3, 5
Let o(c) = 0*c - 3 - 4*c + 0*c + 3*c**2 + c. Let v be o(-2). What are the prime factors of (-4)/(-5)*v/6?
2
Let f(c) = 2*c - 4. Let a be f(3). Let x = a - -8. List the prime factors of x.
2, 5
Suppose g - 17 = -2. What are the prime factors of g?
3, 5
List the prime factors of (-324)/(-8)*(4/1 + -2).
3
Let i(u) = -u**2 + 6*u - 2. Let q be i(4). Suppose -4*l = 3*z - 6 - q, 2*z = -4*l + 8. What are the prime factors of z?
2
Let h = 3 + 53. List the prime factors of h.
2, 7
Let p be (-1)/1 + 2631/3. Let x be p/15 + (-4)/10. Suppose -3*h = 2*h + 3*t - x, -3*t - 41 = -4*h. What are the prime factors of h?
11
Let p(a) = a**3 - 7*a**2 + 8*a + 4. Let b be (-12)/(-12)*1*6. List the prime factors of p(b).
2
Suppose j - 38 = -j. Suppose 5*t = 26 + j. List the prime factors of t.
3
Suppose 2*j = -5*r - 10, -4*j + 17 = -2*r - 11. Suppose 4*g = y + j, 5*y + 29 = 4. Suppose 2*u + n - 32 = 0, -4*n + g = -16. List the prime factors of u.
2, 7
Suppose 0*n = 2*n + 10, -4*i - 2*n - 18 = 0. Let l = 1 - -3. Let y = l - i. What are the prime factors of y?
2, 3
Let g = 14 + -10. Let v = g - 6. List the prime factors of 2/(12/(-33))*v.
11
Suppose 0 = 4*d - 6*d + 270. What are the prime factors of 2/(-3)*d/(-10)?
3
What are the prime factors of (-1)/(-5)*4*14420/56?
2, 103
Let r = 246 + -75. What are the prime factors of r?
3, 19
Let s = 23 + -16. Let b(k) = k**3 - 7*k**2 + k + 7. List the prime factors of b(s).
2, 7
List the prime factors of 1 + (97 + -1)/((-12)/(-16)).
3, 43
What are the prime factors of 114 + (-15)/6*2?
109
Let a(f) = f**2 + f - 6. Let x be a(0). Let g(v) be the first derivative of -v**2 - 2*v + 3. List the prime factors of g(x).
2, 5
Let f(q) = q**2 + 3*q + 3. Let d be f(-3). Let a(b) = 4*b + 1. What are the prime factors of a(d)?
13
Let d(l) = 14*l - 6. Let h(b) = 3*b - 1. Let j(v) = 2*d(v) - 11*h(v). What are the prime factors of j(-4)?
19
Let u = -3 + 14. Let c = u + -6. List the prime factors of c.
5
Let b(k) = -5*k - 3. Let q(j) = 11*j + 6. Let c(f) = -5*b(f) - 2*q(f). What are the prime factors of c(5)?
2, 3
Suppose 2*z = 5*z - 291. List the prime factors of z.
97
Let x = 181 - 120. Suppose -2*z = -4*m - 26, z - m + x = 5*z. What are the prime factors of z?
3, 5
Let o(g) = -g**2 + 5*g - 2*g**2 + 8 + 4*g**2. What are the prime factors of o(-7)?
2, 11
Suppose 2*y - 1 - 17 = -4*l, 0 = 3*y + l - 22. Suppose -y*n + 12 = -3*n. Suppose 0 = n*m - 1 - 8. List the prime factors of m.
3
Let l = -26 + 62. List the prime factors of l.
2, 3
Let j(z) = -z**2 - z - 1. Let i(g) = 13*g**2 + 5*g + 7. Let w(v) = i(v) + 6*j(v). Let k be 3 + 7/((-28)/8). What are the prime factors of w(k)?
7
Let g be 0 + 1 + 5 + -3. Let k be (-2)/(-3)*30/4. Suppose x - 5*x + 3*y = -32, -g*x = -k*y - 13. List the prime factors of x.
11
Let z be (1 + (-6)/4)*-26. Let i be (-4)/(-18) - (-676)/36. Let x = i - z. List the prime factors of x.
2, 3
Suppose 4*v - 22 = r + 142, 92 = 2*v + 2*r. Suppose z = -j - 3*j - v, 3*z = 3*j + 24. Let m = -2 - j. List the prime factors of m.
2
Let b = -68 - -185. What are the prime factors of b?
3, 13
Let f(u) = u**2 + 5*u + 2. What are the prime factors of f(-9)?
2, 19
What are the prime factors of -1 - (-38)/(-4)*-4?
37
List the prime factors of 53 - 2*12/8.
2, 5
Let w(i) = i**3 + 3*i**2 + i - 1. Let t be w(-2). List the prime factors of t*((-2)/1 + 14).
2, 3
Let m be (70/(-4))/((-2)/4). Suppose -2*r + m = 5. List the prime factors of r.
3, 5
What are the prime factors of 2/10*222*105/42?
3, 37
Let b = -24 - -42. What are the prime factors of b?
2, 3
Let h be ((-2)/(-4))/(3/30). Suppose -2*f - 2*f = 5*r - 119, h*r + f - 116 = 0. List the prime factors of r.
23
What are the prime factors of (-430)/(-14) + (-22)/(-77)?
31
Suppose -4*l = -v - 7, -2 = 3*l - 11. Let j(k) = 0 - v + 6 + 4 - 2*k. List the prime factors of j(-4).
13
Suppose 33 = -4*n - 3*o - 2*o, -2*n - 3*o = 19. Let x = n + 4. Suppose x*d + 2 - 12 = -2*h, -5*h = -d - 7. What are the prime factors of h?
2
Let c = 7 - 4. Suppose 16 = c*w - 8. List the prime factors of w.
2
Let n = 5 - -50. Let g = -39 + n. List the prime factors of g.
2
Let b(w) = 3*w**2 - 6 - 2*w**2 - 2*w**2 - 15*w. What are the prime factors of b(-13)?
2, 5
Let s be 215/3*(-6)/(-2). Suppose 6*j - s + 23 = 0. What are the prime factors of j?
2
Suppose -4*x - 3*w = -3*x - 2, -3*x - w + 6 = 0. Let g = x + 4. List the prime factors of g.
2, 3
Let y = -50 + 124. List the prime factors of y.
2, 37
Let z = -42 - -109. List the prime factors of z.
67
Let y(b) = 167*b**3 + b**2 + b - 1. What are the prime factors of y(1)?
2, 3, 7
Let c = 134 - 79. List the prime factors of c.
5, 11
What are the prime factors of 9 + -9 - (-27 + 1)?
2, 13
Suppose 4*c + 40 = t, -t = -4*t + 2*c + 90. What are the prime factors of t?
2, 7
Let k(y) = -y**2 + 5*y + 3. Let r be k(5). Suppose -2*m + 5 = r*m, 2*u = 5*m + 71. List the prime factors of u.
2, 19
Let r = -3 + 7. Let c = 1 + r. Suppose a - 6 = c. List the prime factors of a.
11
Suppose -76 = o - 3*o. List the prime factors of o.
2, 19
Let d(j) = j + 2. Let g(y) = -3*y - 4. Let k(x) = 5*d(x) + 2*g(x). Let h be 0/((-2 + 3)/(-1)). What are the prime factors of k(h)?
2
Let n(a) = a**3 + 3*a**2 - 4*a + 2. Suppose 0 = -3*q - q - 16. Let i be n(q). Let p = i + 8. List the prime factors of p.
2, 5
Let i be 12/8*(-4)/(-6). Let f be i*(2 + -2 + 1). List the prime factors of (f/(-2))/((-2)/24).
2, 3
Suppose 24 = 2*s - 0*s. Suppose -33 = -3*j + 57. Let i = j - s. What are the prime factors of i?
2, 3
List the prime factors of 14/(-21) + -1 + 11/3.
2
Let n = -97 + 153. Suppose -3*w = w - n. What are the prime factors of w?
2, 7
Suppose 2 = 5*m - 3*m. Let t(x) = 22*x**3 + 2*x**2 - 2*x + 1. What are the prime factors of t(m)?
23
Suppose 0 = 2*z - k - 117, -3*z - 3*k + 97 = -z. What are the prime factors of z?
2, 7
Let w(b) be the first derivative of -b**4/4 - 8*b**3/3 - 5*b**2 - 3*b - 1. Suppose 40 = -5*u - g, -3*u + 2*g - 3*g - 26 = 0. List the prime factors of w(u).
2, 3
Let z = -7 - -4. Let j = z + 2. List the prime factors of 18/(-21)*7*j.
2, 3
Suppose -q - 2*q - 193 = -5*b, -40 = -b + 2*q. What are the prime factors of b?
2, 19
Suppose 4*u - 84 = u. What are the prime factors of u?
2, 7
List the prime factors of ((-369)/(-15))/((-63)/(-15) - 4).
3, 41
Suppose y + 4*y - 959 = 2*q, 0 = 2*y - q - 384. What are the prime factors of y?
191
Suppose -5*x + 8 = 4*f, -3*x = -0*f - f - 15. Let a = 8 - 4. Suppose v + v = x, -2*v + 28 = a*c. What are the prime factors of c?
2, 3
What are the prime factors of 333/18 + 6/4?
2, 5
Suppose -3*k - 11 = -2. Let z be (k/(-6))/(1/2). Let o = 14 - z. List the prime factors o